200322432
-111010101110110010011 (base 2) to base 15
-28034e
Convert -4432731 (base 10) to base 11.
-2558416
1aa49 (base 15) to base 10
86694
Convert -111000101111000110 (base 2) to base 13.
-81a12
Convert -56619b (base 14) to base 9.
-5465001
Convert -1ab5785 (base 13) to base 2.
-100001110100100110001011
132bc4 (base 14) to base 13
1a1a77
What is 120099 (base 13) in base 5?
102203131
Convert -249d0 (base 15) to base 3.
-12221110020
Convert e61be (base 16) to base 8.
3460676
Convert -203702 (base 13) to base 3.
-1102010022012
What is -2734363 (base 8) in base 6?
-24244403
What is -68222 (base 12) in base 13?
-4b0b0
What is 1110100111011010100110 (base 2) in base 3?
21012122210000
What is -2440134 (base 5) in base 9?
-70447
a95465 (base 11) to base 14
3377d7
Convert -37c422 (base 16) to base 12.
-1282b96
-741a (base 13) to base 4
-3323032
What is b93c4 (base 16) in base 4?
2321033010
What is -357e30 (base 16) in base 4?
-31113320300
What is 5445250 (base 7) in base 11?
416086
Convert 69582 (base 13) to base 11.
121358
-1031332 (base 5) to base 15
-53b2
359666 (base 12) to base 5
210213140
Convert -3c710 (base 14) to base 6.
-3112230
Convert 2a66679 (base 12) to base 11.
4941362
Convert -28149a2 (base 14) to base 9.
-40467517
What is 1422260 (base 9) in base 3?
1110202022000
-4741214 (base 8) to base 15
-1a8a78
Convert -3881 (base 13) to base 9.
-12032
-927799 (base 10) to base 12
-388b07
Convert 433906 (base 10) to base 12.
18b12a
Convert 121255 (base 9) to base 5.
4314422
What is 2320280 (base 9) in base 5?
310102020
What is 105542624 (base 7) in base 4?
120212021003
What is -362042 (base 10) in base 4?
-1120120322
Convert -1ce25 (base 16) to base 13.
-41b09
What is 11110011111111 (base 2) in base 13?
7152
What is -225542 (base 7) in base 9?
-61375
a9c39 (base 13) to base 11
19aaa9
Convert 115503352 (base 6) to base 15.
2e1735
Convert -33311043 (base 6) to base 3.
-1220001010000
390911 (base 12) to base 8
3441035
-30781 (base 9) to base 5
-1122243
-143348 (base 10) to base 7
-1134632
Convert -177e76 (base 15) to base 9.
-2127583
What is 1110100001111000110111 (base 2) in base 6?
213345235
What is 3412021220 (base 5) in base 3?
112011200220100
What is -189304 (base 14) in base 4?
-3110200220
-12139 (base 12) to base 11
-17355
What is -62266660 (base 7) in base 6?
-304010534
What is -15b85 (base 14) in base 2?
-1101010010001001
Convert 2e0e37 (base 15) to base 8.
10404656
What is -17d51e (base 16) in base 9?
-2840448
What is -133004312 (base 6) in base 9?
-5004308
What is 19074 (base 16) in base 13?
3787b
Convert 32212605 (base 7) to base 15.
392abc
What is 13000006 (base 7) in base 14?
228a76
What is d8983 (base 16) in base 15?
127ceb
-40676260 (base 8) to base 15
-b5335b
What is -2c4dd (base 15) in base 14?
-3a0c2
Convert 100001110101111011110 (base 2) to base 10.
1108958
Convert 104a68 (base 12) to base 4.
332303300
Convert 534651 (base 9) to base 12.
1342b4
Convert -821134 (base 16) to base 7.
-132311362
What is 18638 (base 13) in base 7?
254414
Convert -220a40 (base 12) to base 4.
-2003333100
Convert -18ba1c (base 14) to base 2.
-11010110001100001010
-1101011001010010000010 (base 2) to base 9
-6541684
-21908 (base 11) to base 5
-2003320
What is 10243230220 (base 5) in base 6?
1025533443
1324343 (base 6) to base 5
4323300
What is 1031131130 (base 4) in base 12?
133738
What is 1112100222221 (base 3) in base 6?
25241511
What is -101112002100 (base 3) in base 5?
-23111344
What is -3320114 (base 5) in base 12?
-29366
What is 67468 (base 15) in base 13?
b6606
Convert 210102002001 (base 3) to base 13.
119a79
What is 1466263 (base 7) in base 12?
98724
Convert 10000001000100110 (base 2) to base 15.
148ab
-66d6 (base 15) to base 7
-120363
Convert -11202012120 (base 4) to base 6.
-51030440
Convert d7c15 (base 14) to base 3.
222110122211
1222222101121 (base 3) to base 10
1062439
What is -44365 (base 7) in base 12?
-656a
Convert 1021212 (base 4) to base 7.
16506
-1173550 (base 8) to base 9
-545424
-1000011 (base 2) to base 11
-61
133312302 (base 4) to base 14
357a2
Convert -101112112201 (base 3) to base 7.
-1522522
-2054d0 (base 15) to base 6
-52534240
Convert 423300 (base 5) to base 2.
11011101111000
1b30d (base 16) to base 3
12122202221
-3744058 (base 11) to base 6
-351240155
What is -133806 (base 10) in base 12?
-65526
a715b6 (base 12) to base 2
1010000011100100011010
What is -1001001011000011100 (base 2) in base 12?
-125b38
Convert -3de50 (base 16) to base 6.
-5233412
44345303 (base 6) to base 8
5061407
What is 3002110 (base 4) in base 11?
9386
Convert 378448 (base 10) to base 15.
771ed
What is 303102003 (base 4) in base 14?
56799
-201211103 (base 4) to base 8
-414523
62993 (base 11) to base 15
1c284
863514 (base 10) to base 6
30301430
What is -2c3b72 (base 13) in base 2?
-100001011000011100101
2122200100100 (base 3) to base 12
580583
-1887363 (base 9) to base 5
-232433344
What is -282834b (base 12) in base 3?
-120002101012012
Convert -101011111001010101 (base 2) to base 16.
-2be55
What is -a086 (base 15) in base 6?
-420500
Convert 2314011 (base 8) to base 4.
2121200021
Convert 668887 (base 9) to base 13.
110221
What is -318699 (base 10) in base 4?
-1031303223
-1623436 (base 8) to base 13
-13549c
What is 110212000210 (base 3) in base 11?
163086
Convert -23231211211 (base 4) to base 16.
-2ed965
-a3a36 (base 15) to base 10
-518676
-451017 (base 10) to base 11
-288946
What is -9867a3 (base 12) in base 10?
-2416875
130022001321 (base 4) to base 11
41915a3
-301a70 (base 11) to base 7
-4062146
What is 1a4584a (base 12) in base 15?
74e79d
What is 346e33 (base 16) in base 7?
41130510
What is 2101101101 (base 3) in base 5?
3000221
Convert 61ca (base 13) to base 6.
142325
What is 38d8 (base 15) in base 11?
9126
What is 3cbf1 (base 16) in base 10?
248817
-11051 (base 16) to base 6
-1254425
What is -10792833 (base 10) in base 5?
-10230332313
Convert 64511 (base 8) to base 4.
12211021
What is -5908b (base 14) in base 4?
-310331003
43142 (base 12) to base 10
88322
Convert 102121121011 (base 4) to base 5.
2213310342
7c7c (base 13) to base 5
1030020
Convert 105884 (base 14) to base 11.
348715
What is 21320202 (base 4) in base 16?
9e22
1666841 (base 9) to base 14
1a2da0
Convert -46504606 (base 8) to base 3.
-201001112122212
Convert -12213100 (base 6) to base 9.
-655040
Convert 2001211010000 (base 3) to base 4.
10030032330
What is 1202122310 (base 4) in base 14?
a6ca8
-21012013200 (base 4) to base 7
-26160315
What is 1233245 (base 6) in base 9?
111622
-1000111100010011 (base 2) to base 10
-36627
Convert 4aad3 (base 14) to base 11.
115750
-279173 (base 10) to base 14
-73a4d
Convert 112111212 (base 3) to base 11.
7a49
What is 49096 (base 13) in base 10?
134140
1f077 (base 16) to base 13
45b07
What is 1403039 (base 12) in base 5?
2010032131
What is 11100000111110100 (base 2) in base 6?
2245140
Convert -152340036 (base 7) to base 3.
-201011002102000
Convert 626223 (base 7) to base 10.
107817
11010010101010011000101 (base 2) to base 13
1579007
Convert 1164513 (base 9) to base 10.
633189
12451561 (base 8) to base 4
22211031301
10011101011101 (base 2) to base 5
310302
What is -66a690 (base 12) in base 8?
-6172514
What is -5204500 (base 7) in base 6?
-21210244
What is 12122111120000 (base 3) in base 16?
2dcd62
What is a234 (base 11) in base 3?
200122022
What is 350522500 (base 6) in base 5?
3124334422
Convert 6504362 (base 9) to base 4.
31103112002
What is 24437a4 (base 11) in base 6?
231035500
Convert 242a76 (base 12) to base 4.
2032331322
Convert 2100002222 (base 3) to base 14.
12aa3
What is -414d4b (base 15) in base 12?
-10587a5
-122102201 (base 4) to base 8
-322241
What is 20840 (base 10) in base 3?
1001120212
What is -1111212012 (base 3) in base 6?
-345522
What is 1a022b (base 12) in base 6?
13441255
Convert 4e8db (base 16) to base 4.
1032203123
202122021020 (base 3) to base 5
100444443
What is -322122140 (base 5) in base 13?
-389b37
Convert b27ad (base 15) to base 10.
565363
Convert 960c6 (base 15) to base 11.
2a5743
What is -21344022 (base 6) in base 16?
-9b40e
What is -28396d (base 14) in base 8?
-5240655
Convert -8e5b46 (base 15) to base 8.
-31747336
Convert -631531 (base 7) to base 12.
-52a67
Convert -222212210020 (base 3) to base 12.
-216236
Convert 83347 (b